{"id":231,"date":"2020-11-13T19:56:57","date_gmt":"2020-11-13T18:56:57","guid":{"rendered":"https:\/\/coquetiers.com\/WPCoquetie\/?page_id=231"},"modified":"2021-01-01T18:49:48","modified_gmt":"2021-01-01T17:49:48","slug":"la-boulangerie-et-lallee-des-sciences","status":"publish","type":"page","link":"https:\/\/coquetiers.com\/WPCoquetie\/?page_id=231","title":{"rendered":"Boulangerie et All\u00e9e des Sciences"},"content":{"rendered":"\n<div class=\"wp-block-group\"><div class=\"wp-block-group__inner-container is-layout-flow wp-block-group-is-layout-flow\">\n<div class=\"wp-block-group\"><div class=\"wp-block-group__inner-container is-layout-flow wp-block-group-is-layout-flow\">\n<div class=\"wp-block-columns is-layout-flex wp-container-core-columns-layout-1 wp-block-columns-is-layout-flex\">\n<div class=\"wp-block-column is-layout-flow wp-block-column-is-layout-flow\" style=\"flex-basis:33.33%\">\n<figure class=\"wp-block-image size-large\"><img loading=\"lazy\" decoding=\"async\" width=\"300\" height=\"318\" src=\"https:\/\/coquetiers.com\/WPCoquetie\/wp-content\/uploads\/2020\/12\/carrefour_franklin_06.gif\" alt=\"\" class=\"wp-image-372\"\/><\/figure>\n<\/div>\n\n\n\n<div class=\"wp-block-column is-layout-flow wp-block-column-is-layout-flow\" style=\"flex-basis:66.66%\">\n<p>Juste \u00e0 gauche, derri\u00e8re le passage \u00e0 niveau des Coquetiers s&rsquo;est dress\u00e9 \u00e0 partir de 1910 une boulangerie. Autour de cette boulangerie, dans l&rsquo;all\u00e9e des Sciences, d&rsquo;autres petits commerces existaient et rendaient le quartier vivant. Aujourd&rsquo;hui seule la boulangerie subsiste \u00e0 l&rsquo;entr\u00e9e de l&rsquo;all\u00e9e des Sciences<\/p>\n<\/div>\n<\/div>\n<\/div><\/div>\n<\/div><\/div>\n\n\n<style>#jtg-233 .modula-item { box-shadow: #ffffff 0px 0px 6px; }#jtg-233 .modula-item .jtg-social a, .lightbox-socials.jtg-social a{ color: #ffffff }#jtg-233 .modula-item .jtg-social svg, .lightbox-socials.jtg-social svg { height: 16px; width: 16px }#jtg-233 .modula-item .jtg-social a:not(:last-child), .lightbox-socials.jtg-social a:not(:last-child) { margin-right: 10px }#jtg-233 .modula-item .figc {color:#ffffff;}#jtg-233 .modula-item .figc .jtg-title {  font-size: 36px; }#jtg-233 .modula-item .modula-item-content { transform: scale(1) }#jtg-233 .modula-items .figc p.description { font-size:16px; }#jtg-233 .modula-items .figc p.description { color:#ffffff;}#jtg-233.modula-gallery .modula-item > a, #jtg-233.modula-gallery .modula-item, #jtg-233.modula-gallery .modula-item-content > a:not(.modula-no-follow) { cursor:zoom-in; } #jtg-233.modula-gallery .modula-item-content .modula-no-follow { cursor: default; } @media screen and (max-width:480px){#jtg-233 .modula-item .figc .jtg-title {  font-size: 13px; }#jtg-233 .modula-items .figc p.description { color:#ffffff;font-size:10px; }}<\/style>\n<!-- Gallery Container -->\n<div  id=\"jtg-233\" class=\"modula modula-gallery modula-custom-grid\" data-config=\"{&quot;height&quot;:0,&quot;tabletHeight&quot;:0,&quot;mobileHeight&quot;:0,&quot;desktopHeight&quot;:0,&quot;enableTwitter&quot;:false,&quot;enableWhatsapp&quot;:false,&quot;enableFacebook&quot;:false,&quot;enablePinterest&quot;:false,&quot;enableLinkedin&quot;:false,&quot;enableEmail&quot;:false,&quot;randomFactor&quot;:0,&quot;type&quot;:&quot;custom-grid&quot;,&quot;columns&quot;:12,&quot;gutter&quot;:10,&quot;mobileGutter&quot;:10,&quot;tabletGutter&quot;:10,&quot;desktopGutter&quot;:10,&quot;enableResponsive&quot;:&quot;0&quot;,&quot;tabletColumns&quot;:&quot;2&quot;,&quot;mobileColumns&quot;:&quot;1&quot;,&quot;lazyLoad&quot;:&quot;0&quot;,&quot;lightboxOpts&quot;:{&quot;loop&quot;:false,&quot;arrows&quot;:true,&quot;toolbar&quot;:true,&quot;keyboard&quot;:true,&quot;wheel&quot;:false,&quot;buttons&quot;:[&quot;close&quot;],&quot;hash&quot;:false,&quot;lang&quot;:&quot;en&quot;,&quot;touch&quot;:false,&quot;protect&quot;:false,&quot;i18n&quot;:{&quot;en&quot;:{&quot;CLOSE&quot;:&quot;Close&quot;,&quot;NEXT&quot;:&quot;Next&quot;,&quot;PREV&quot;:&quot;Previous&quot;,&quot;Error&quot;:&quot;The requested content cannot be loaded. Please try again later.&quot;,&quot;PLAY_START&quot;:&quot;Start slideshow&quot;,&quot;PLAY_STOP&quot;:&quot;Pause slideshow&quot;,&quot;FULL_SCREEN&quot;:&quot;Full screen&quot;,&quot;THUMBS&quot;:&quot;Thumbnails&quot;,&quot;DOWNLOAD&quot;:&quot;Download&quot;,&quot;SHARE&quot;:&quot;Share&quot;,&quot;ZOOM&quot;:&quot;Zoom&quot;}},&quot;clickSlide&quot;:false,&quot;clickOutside&quot;:false,&quot;dblclickContent&quot;:false,&quot;dblclickSlide&quot;:false,&quot;dblclickOutside&quot;:false,&quot;clickContent&quot;:false,&quot;baseTpl&quot;:&quot;&lt;div class=\\&quot;modula-fancybox-container modula-lightbox-jtg-233\\&quot; role=\\&quot;dialog\\&quot; tabindex=\\&quot;-1\\&quot;&gt;&lt;div class=\\&quot;modula-fancybox-bg\\&quot;&gt;&lt;\\\/div&gt;&lt;div class=\\&quot;modula-fancybox-inner\\&quot;&gt;&lt;div class=\\&quot;modula-fancybox-infobar\\&quot;&gt;&lt;span data-fancybox-index&gt;&lt;\\\/span&gt;&nbsp;\\\/&nbsp;&lt;span data-fancybox-count&gt;&lt;\\\/span&gt;&lt;\\\/div&gt;&lt;div class=\\&quot;modula-fancybox-toolbar\\&quot;&gt;{{buttons}}&lt;\\\/div&gt;&lt;div class=\\&quot;modula-fancybox-navigation\\&quot;&gt;{{arrows}}&lt;\\\/div&gt;&lt;div class=\\&quot;modula-fancybox-stage\\&quot;&gt;&lt;\\\/div&gt;&lt;div class=\\&quot;modula-fancybox-caption\\&quot;&gt;&lt;div class=\\&quot;modula-fancybox-caption__body\\&quot;&gt;&lt;\\\/div&gt;&lt;\\\/div&gt;&lt;\\\/div&gt;&lt;\\\/div&gt;&quot;},&quot;inView&quot;:false,&quot;email_subject&quot;:&quot;Check out this awesome image !!&quot;,&quot;email_message&quot;:&quot;Here is the link to the image : %%image_link%% and this is the link to the gallery : %%gallery_link%%&quot;,&quot;lightbox&quot;:&quot;fancybox&quot;}\">\n\n\t\n\t<!-- Items Container -->\n\t<div  class=\"modula-items\">\n\t\t<div class=\"modula-item effect-pufrobo\" data-width=\"12\" data-height=\"9\" >\n\t<div class=\"modula-item-overlay\"><\/div>\n\n\t<div class=\"modula-item-content\">\n\n\t\t\t\t\n\t\t\t\t\t<a data-image-id=\"237\" rel=\"jtg-233\" data-caption=\"La boulangerie est au c\u0153ur du quartier des Coquetiers, d&#039;autres boutiques se sont ouvertes et cr\u00e9ent un petit centre anim\u00e9. La boulang\u00e8re pose sur le pas de sa porte, deux jeunes hommes habill\u00e9s de la m\u00eame fa\u00e7ons prennent \u00e9galement la pose sur leurs v\u00e9los. Datation : 1920 (l&#039;immeuble n&#039;est pas encore sur\u00e9lev\u00e9).\" aria-label=\"Open image in lightbox\" class=\"tile-inner modula-item-link\"><\/a>\n\t\t\n\t\t<img loading=\"lazy\" decoding=\"async\" class=\"pic wp-image-237\"  data-valign=\"middle\" data-halign=\"center\" alt=\"Boulangerie des Coquetiers\" data-full=\"https:\/\/coquetiers.com\/WPCoquetie\/wp-content\/uploads\/2020\/11\/Boulangerie_1000.jpg\" title=\"Boulangerie des Coquetiers\" width=\"300\" height=\"188\" src=\"https:\/\/coquetiers.com\/WPCoquetie\/wp-content\/uploads\/2020\/11\/Boulangerie_1000-300x188.jpg\" data-src=\"https:\/\/coquetiers.com\/WPCoquetie\/wp-content\/uploads\/2020\/11\/Boulangerie_1000-300x188.jpg\" data-caption=\"La boulangerie est au c\u0153ur du quartier des Coquetiers, d&#039;autres boutiques se sont ouvertes et cr\u00e9ent un petit centre anim\u00e9. La boulang\u00e8re pose sur le pas de sa porte, deux jeunes hommes habill\u00e9s de la m\u00eame fa\u00e7ons prennent \u00e9galement la pose sur leurs v\u00e9los. Datation : 1920 (l&#039;immeuble n&#039;est pas encore sur\u00e9lev\u00e9).\"srcset=\"https:\/\/coquetiers.com\/WPCoquetie\/wp-content\/uploads\/2020\/11\/Boulangerie_1000.jpg 1000w, https:\/\/coquetiers.com\/WPCoquetie\/wp-content\/uploads\/2020\/11\/Boulangerie_1000-300x188.jpg 300w, https:\/\/coquetiers.com\/WPCoquetie\/wp-content\/uploads\/2020\/11\/Boulangerie_1000-768x480.jpg 768w, https:\/\/coquetiers.com\/WPCoquetie\/wp-content\/uploads\/2020\/11\/Boulangerie_1000-973x608.jpg 973w, https:\/\/coquetiers.com\/WPCoquetie\/wp-content\/uploads\/2020\/11\/Boulangerie_1000-508x318.jpg 508w\" sizes=\"(max-width: 300px) 100vw, 300px\"\" srcset=\"https:\/\/coquetiers.com\/WPCoquetie\/wp-content\/uploads\/2020\/11\/Boulangerie_1000-300x188.jpg 300w, https:\/\/coquetiers.com\/WPCoquetie\/wp-content\/uploads\/2020\/11\/Boulangerie_1000-768x480.jpg 768w, https:\/\/coquetiers.com\/WPCoquetie\/wp-content\/uploads\/2020\/11\/Boulangerie_1000-973x608.jpg 973w, https:\/\/coquetiers.com\/WPCoquetie\/wp-content\/uploads\/2020\/11\/Boulangerie_1000-508x318.jpg 508w, https:\/\/coquetiers.com\/WPCoquetie\/wp-content\/uploads\/2020\/11\/Boulangerie_1000.jpg 1000w\" \/>\n\t\t<div class=\"figc\">\n\t\t\t<div class=\"figc-inner\">\n\t\t\t\t\t\t\t\t\t<div class='jtg-title'>Boulangerie des Coquetiers<\/div>\n\t\t\t\t\t\t\t\t\t\t\t\t\t<p class=\"description\">La boulangerie est au c\u0153ur du quartier des Coquetiers, d'autres boutiques se sont ouvertes et cr\u00e9ent un petit centre anim\u00e9. La boulang\u00e8re pose sur le pas de sa porte, deux jeunes hommes habill\u00e9s de la m\u00eame fa\u00e7ons prennent \u00e9galement la pose sur leurs v\u00e9los. Datation : 1920 (l'immeuble n'est pas encore sur\u00e9lev\u00e9).<\/p>\n\t\t\t\t\t\t\t\t\t\t\t<\/div>\n\t\t<\/div>\n\n\t<\/div>\n\n<\/div><div class=\"modula-item effect-pufrobo\" data-width=\"12\" data-height=\"9\" >\n\t<div class=\"modula-item-overlay\"><\/div>\n\n\t<div class=\"modula-item-content\">\n\n\t\t\t\t\n\t\t\t\t\t<a data-image-id=\"236\" rel=\"jtg-233\" data-caption=\"L&#039;All\u00e9e des Sciences est anim\u00e9e d&#039;une demi-douzaine de commerces divers, Charcuterie, Quincaillerie, Mercerie, un Caf\u00e9 et sa terrasse font l&#039;angle. Toujours les deux gars \u00e0 v\u00e9lo, habill\u00e9s pareil.\" aria-label=\"Open image in lightbox\" class=\"tile-inner modula-item-link\"><\/a>\n\t\t\n\t\t<img loading=\"lazy\" decoding=\"async\" class=\"pic wp-image-236\"  data-valign=\"middle\" data-halign=\"center\" alt=\"Boulangerie des Coquetiers\" data-full=\"https:\/\/coquetiers.com\/WPCoquetie\/wp-content\/uploads\/2020\/11\/Boulangerie2_1000.jpg\" title=\"Boulangerie et al\u00e9e des Sciences\" width=\"300\" height=\"194\" src=\"https:\/\/coquetiers.com\/WPCoquetie\/wp-content\/uploads\/2020\/11\/Boulangerie2_1000-300x194.jpg\" data-src=\"https:\/\/coquetiers.com\/WPCoquetie\/wp-content\/uploads\/2020\/11\/Boulangerie2_1000-300x194.jpg\" data-caption=\"L&#039;All\u00e9e des Sciences est anim\u00e9e d&#039;une demi-douzaine de commerces divers, Charcuterie, Quincaillerie, Mercerie, un Caf\u00e9 et sa terrasse font l&#039;angle. Toujours les deux gars \u00e0 v\u00e9lo, habill\u00e9s pareil.\"srcset=\"https:\/\/coquetiers.com\/WPCoquetie\/wp-content\/uploads\/2020\/11\/Boulangerie2_1000.jpg 1000w, https:\/\/coquetiers.com\/WPCoquetie\/wp-content\/uploads\/2020\/11\/Boulangerie2_1000-300x194.jpg 300w, https:\/\/coquetiers.com\/WPCoquetie\/wp-content\/uploads\/2020\/11\/Boulangerie2_1000-768x498.jpg 768w, https:\/\/coquetiers.com\/WPCoquetie\/wp-content\/uploads\/2020\/11\/Boulangerie2_1000-973x631.jpg 973w, https:\/\/coquetiers.com\/WPCoquetie\/wp-content\/uploads\/2020\/11\/Boulangerie2_1000-508x329.jpg 508w\" sizes=\"(max-width: 300px) 100vw, 300px\"\" srcset=\"https:\/\/coquetiers.com\/WPCoquetie\/wp-content\/uploads\/2020\/11\/Boulangerie2_1000-300x194.jpg 300w, https:\/\/coquetiers.com\/WPCoquetie\/wp-content\/uploads\/2020\/11\/Boulangerie2_1000-768x498.jpg 768w, https:\/\/coquetiers.com\/WPCoquetie\/wp-content\/uploads\/2020\/11\/Boulangerie2_1000-973x631.jpg 973w, https:\/\/coquetiers.com\/WPCoquetie\/wp-content\/uploads\/2020\/11\/Boulangerie2_1000-508x329.jpg 508w, https:\/\/coquetiers.com\/WPCoquetie\/wp-content\/uploads\/2020\/11\/Boulangerie2_1000.jpg 1000w\" \/>\n\t\t<div class=\"figc\">\n\t\t\t<div class=\"figc-inner\">\n\t\t\t\t\t\t\t\t\t<div class='jtg-title'>Boulangerie et al\u00e9e des Sciences<\/div>\n\t\t\t\t\t\t\t\t\t\t\t\t\t<p class=\"description\">L'All\u00e9e des Sciences est anim\u00e9e d'une demi-douzaine de commerces divers, Charcuterie, Quincaillerie, Mercerie, un Caf\u00e9 et sa terrasse font l'angle. Toujours les deux gars \u00e0 v\u00e9lo, habill\u00e9s pareil.<\/p>\n\t\t\t\t\t\t\t\t\t\t\t<\/div>\n\t\t<\/div>\n\n\t<\/div>\n\n<\/div><div class=\"modula-item effect-pufrobo\" data-width=\"12\" data-height=\"9\" >\n\t<div class=\"modula-item-overlay\"><\/div>\n\n\t<div class=\"modula-item-content\">\n\n\t\t\t\t\n\t\t\t\t\t<a data-image-id=\"234\" rel=\"jtg-233\" data-caption=\"Autre vue de l&#039;all\u00e9e des Sciences, les enfants sont les rois de la chauss\u00e9e, la rue est si calme, c&#039;est la libert\u00e9 lors de cet \u00e9t\u00e9. Le bar de l&#039;angle a sorti chaises et tables de terrasses.\" aria-label=\"Open image in lightbox\" class=\"tile-inner modula-item-link\"><\/a>\n\t\t\n\t\t<img loading=\"lazy\" decoding=\"async\" class=\"pic wp-image-234\"  data-valign=\"middle\" data-halign=\"center\" alt=\"All\u00e9e des Sciences\" data-full=\"https:\/\/coquetiers.com\/WPCoquetie\/wp-content\/uploads\/2020\/11\/Sciences2_1000.jpg\" title=\"All\u00e9e des Sciences, vue vers la Gare\" width=\"300\" height=\"188\" src=\"https:\/\/coquetiers.com\/WPCoquetie\/wp-content\/uploads\/2020\/11\/Sciences2_1000-300x188.jpg\" data-src=\"https:\/\/coquetiers.com\/WPCoquetie\/wp-content\/uploads\/2020\/11\/Sciences2_1000-300x188.jpg\" data-caption=\"Autre vue de l&#039;all\u00e9e des Sciences, les enfants sont les rois de la chauss\u00e9e, la rue est si calme, c&#039;est la libert\u00e9 lors de cet \u00e9t\u00e9. Le bar de l&#039;angle a sorti chaises et tables de terrasses.\"srcset=\"https:\/\/coquetiers.com\/WPCoquetie\/wp-content\/uploads\/2020\/11\/Sciences2_1000.jpg 1000w, https:\/\/coquetiers.com\/WPCoquetie\/wp-content\/uploads\/2020\/11\/Sciences2_1000-300x188.jpg 300w, https:\/\/coquetiers.com\/WPCoquetie\/wp-content\/uploads\/2020\/11\/Sciences2_1000-768x482.jpg 768w, https:\/\/coquetiers.com\/WPCoquetie\/wp-content\/uploads\/2020\/11\/Sciences2_1000-973x611.jpg 973w, https:\/\/coquetiers.com\/WPCoquetie\/wp-content\/uploads\/2020\/11\/Sciences2_1000-508x319.jpg 508w\" sizes=\"(max-width: 300px) 100vw, 300px\"\" srcset=\"https:\/\/coquetiers.com\/WPCoquetie\/wp-content\/uploads\/2020\/11\/Sciences2_1000-300x188.jpg 300w, https:\/\/coquetiers.com\/WPCoquetie\/wp-content\/uploads\/2020\/11\/Sciences2_1000-768x482.jpg 768w, https:\/\/coquetiers.com\/WPCoquetie\/wp-content\/uploads\/2020\/11\/Sciences2_1000-973x611.jpg 973w, https:\/\/coquetiers.com\/WPCoquetie\/wp-content\/uploads\/2020\/11\/Sciences2_1000-508x319.jpg 508w, https:\/\/coquetiers.com\/WPCoquetie\/wp-content\/uploads\/2020\/11\/Sciences2_1000.jpg 1000w\" \/>\n\t\t<div class=\"figc\">\n\t\t\t<div class=\"figc-inner\">\n\t\t\t\t\t\t\t\t\t<div class='jtg-title'>All\u00e9e des Sciences, vue vers la Gare<\/div>\n\t\t\t\t\t\t\t\t\t\t\t\t\t<p class=\"description\">Autre vue de l'all\u00e9e des Sciences, les enfants sont les rois de la chauss\u00e9e, la rue est si calme, c'est la libert\u00e9 lors de cet \u00e9t\u00e9. Le bar de l'angle a sorti chaises et tables de terrasses.<\/p>\n\t\t\t\t\t\t\t\t\t\t\t<\/div>\n\t\t<\/div>\n\n\t<\/div>\n\n<\/div><div class=\"modula-item effect-pufrobo\" data-width=\"12\" data-height=\"8\" >\n\t<div class=\"modula-item-overlay\"><\/div>\n\n\t<div class=\"modula-item-content\">\n\n\t\t\t\t\n\t\t\t\t\t<a data-image-id=\"235\" rel=\"jtg-233\" data-caption=\"Cinq enfants prennent la pose devant la mercerie. Des femmes sont \u00e0 leur fen\u00eatre, dont madame Triboire au dessus de sa boutique.\" aria-label=\"Open image in lightbox\" class=\"tile-inner modula-item-link\"><\/a>\n\t\t\n\t\t<img loading=\"lazy\" decoding=\"async\" class=\"pic wp-image-235\"  data-valign=\"middle\" data-halign=\"center\" alt=\"Mercerie de Mme Triboire\" data-full=\"https:\/\/coquetiers.com\/WPCoquetie\/wp-content\/uploads\/2020\/11\/Sciences1_1000.jpg\" title=\"Mercerie de Mme Triboire\" width=\"300\" height=\"194\" src=\"https:\/\/coquetiers.com\/WPCoquetie\/wp-content\/uploads\/2020\/11\/Sciences1_1000-300x194.jpg\" data-src=\"https:\/\/coquetiers.com\/WPCoquetie\/wp-content\/uploads\/2020\/11\/Sciences1_1000-300x194.jpg\" data-caption=\"Cinq enfants prennent la pose devant la mercerie. Des femmes sont \u00e0 leur fen\u00eatre, dont madame Triboire au dessus de sa boutique.\"srcset=\"https:\/\/coquetiers.com\/WPCoquetie\/wp-content\/uploads\/2020\/11\/Sciences1_1000.jpg 1000w, https:\/\/coquetiers.com\/WPCoquetie\/wp-content\/uploads\/2020\/11\/Sciences1_1000-300x194.jpg 300w, https:\/\/coquetiers.com\/WPCoquetie\/wp-content\/uploads\/2020\/11\/Sciences1_1000-768x498.jpg 768w, https:\/\/coquetiers.com\/WPCoquetie\/wp-content\/uploads\/2020\/11\/Sciences1_1000-973x631.jpg 973w, https:\/\/coquetiers.com\/WPCoquetie\/wp-content\/uploads\/2020\/11\/Sciences1_1000-508x329.jpg 508w\" sizes=\"(max-width: 300px) 100vw, 300px\"\" srcset=\"https:\/\/coquetiers.com\/WPCoquetie\/wp-content\/uploads\/2020\/11\/Sciences1_1000-300x194.jpg 300w, https:\/\/coquetiers.com\/WPCoquetie\/wp-content\/uploads\/2020\/11\/Sciences1_1000-768x498.jpg 768w, https:\/\/coquetiers.com\/WPCoquetie\/wp-content\/uploads\/2020\/11\/Sciences1_1000-973x631.jpg 973w, https:\/\/coquetiers.com\/WPCoquetie\/wp-content\/uploads\/2020\/11\/Sciences1_1000-508x329.jpg 508w, https:\/\/coquetiers.com\/WPCoquetie\/wp-content\/uploads\/2020\/11\/Sciences1_1000.jpg 1000w\" \/>\n\t\t<div class=\"figc\">\n\t\t\t<div class=\"figc-inner\">\n\t\t\t\t\t\t\t\t\t<div class='jtg-title'>Mercerie de Mme Triboire<\/div>\n\t\t\t\t\t\t\t\t\t\t\t\t\t<p class=\"description\">Cinq enfants prennent la pose devant la mercerie. Des femmes sont \u00e0 leur fen\u00eatre, dont madame Triboire au dessus de sa boutique.<\/p>\n\t\t\t\t\t\t\t\t\t\t\t<\/div>\n\t\t<\/div>\n\n\t<\/div>\n\n<\/div><div class=\"modula-item effect-pufrobo\" data-width=\"12\" data-height=\"9\" >\n\t<div class=\"modula-item-overlay\"><\/div>\n\n\t<div class=\"modula-item-content\">\n\n\t\t\t\t\n\t\t\t\t\t<a data-image-id=\"455\" rel=\"jtg-233\" data-caption=\"D\u00e9tail sur les trois principaux commerces de l&#039;All\u00e9e des Sciences. Au premier plan, la Lingerie de Madame Triboire qui pose devant son pas de porte. Au centre la  Charcuterie de Monsieur Boulonnois et \u00e0 gauche, on aper\u00e7oit un caf\u00e9 qui fait l&#039;ange avec une table sortie sur le trottoir. Deux cyclistes posent sur leur v\u00e9lo, habitants le quartier, on les rep\u00e8res sur d&#039;autres cartes.\" aria-label=\"Open image in lightbox\" class=\"tile-inner modula-item-link\"><\/a>\n\t\t\n\t\t<img loading=\"lazy\" decoding=\"async\" class=\"pic wp-image-455\"  data-valign=\"middle\" data-halign=\"center\" alt=\"\" data-full=\"https:\/\/coquetiers.com\/WPCoquetie\/wp-content\/uploads\/2021\/04\/Triboire.jpg\" title=\"All\u00e9e des Sciences, les commerces\" width=\"300\" height=\"197\" src=\"https:\/\/coquetiers.com\/WPCoquetie\/wp-content\/uploads\/2021\/04\/Triboire-300x197.jpg\" data-src=\"https:\/\/coquetiers.com\/WPCoquetie\/wp-content\/uploads\/2021\/04\/Triboire-300x197.jpg\" data-caption=\"D\u00e9tail sur les trois principaux commerces de l&#039;All\u00e9e des Sciences. Au premier plan, la Lingerie de Madame Triboire qui pose devant son pas de porte. Au centre la  Charcuterie de Monsieur Boulonnois et \u00e0 gauche, on aper\u00e7oit un caf\u00e9 qui fait l&#039;ange avec une table sortie sur le trottoir. Deux cyclistes posent sur leur v\u00e9lo, habitants le quartier, on les rep\u00e8res sur d&#039;autres cartes.\"srcset=\"https:\/\/coquetiers.com\/WPCoquetie\/wp-content\/uploads\/2021\/04\/Triboire.jpg 1282w, https:\/\/coquetiers.com\/WPCoquetie\/wp-content\/uploads\/2021\/04\/Triboire-300x197.jpg 300w, https:\/\/coquetiers.com\/WPCoquetie\/wp-content\/uploads\/2021\/04\/Triboire-1024x671.jpg 1024w, https:\/\/coquetiers.com\/WPCoquetie\/wp-content\/uploads\/2021\/04\/Triboire-768x503.jpg 768w\" sizes=\"(max-width: 300px) 100vw, 300px\"\" srcset=\"https:\/\/coquetiers.com\/WPCoquetie\/wp-content\/uploads\/2021\/04\/Triboire-300x197.jpg 300w, https:\/\/coquetiers.com\/WPCoquetie\/wp-content\/uploads\/2021\/04\/Triboire-1024x671.jpg 1024w, https:\/\/coquetiers.com\/WPCoquetie\/wp-content\/uploads\/2021\/04\/Triboire-768x503.jpg 768w, https:\/\/coquetiers.com\/WPCoquetie\/wp-content\/uploads\/2021\/04\/Triboire.jpg 1282w\" \/>\n\t\t<div class=\"figc\">\n\t\t\t<div class=\"figc-inner\">\n\t\t\t\t\t\t\t\t\t<div class='jtg-title'>All\u00e9e des Sciences, les commerces<\/div>\n\t\t\t\t\t\t\t\t\t\t\t\t\t<p class=\"description\">D\u00e9tail sur les trois principaux commerces de l'All\u00e9e des Sciences. Au premier plan, la Lingerie de Madame Triboire qui pose devant son pas de porte. Au centre la  Charcuterie de Monsieur Boulonnois et \u00e0 gauche, on aper\u00e7oit un caf\u00e9 qui fait l'ange avec une table sortie sur le trottoir. Deux cyclistes posent sur leur v\u00e9lo, habitants le quartier, on les rep\u00e8res sur d'autres cartes.<\/p>\n\t\t\t\t\t\t\t\t\t\t\t<\/div>\n\t\t<\/div>\n\n\t<\/div>\n\n<\/div><div class=\"modula-item effect-pufrobo\" data-width=\"12\" data-height=\"7\" >\n\t<div class=\"modula-item-overlay\"><\/div>\n\n\t<div class=\"modula-item-content\">\n\n\t\t\t\t\n\t\t\t\t\t<a data-image-id=\"421\" rel=\"jtg-233\" data-caption=\"Boulangerie et vue de l&#039;all\u00e9e des Sciences.\" aria-label=\"Open image in lightbox\" class=\"tile-inner modula-item-link\"><\/a>\n\t\t\n\t\t<img loading=\"lazy\" decoding=\"async\" class=\"pic wp-image-421\"  data-valign=\"middle\" data-halign=\"center\" alt=\"\" data-full=\"https:\/\/coquetiers.com\/WPCoquetie\/wp-content\/uploads\/2021\/01\/carrefour_franklin_05.jpg\" title=\"Boulangerie des Coquetiers, ann\u00e9es 2000\" width=\"300\" height=\"225\" src=\"https:\/\/coquetiers.com\/WPCoquetie\/wp-content\/uploads\/2021\/01\/carrefour_franklin_05-300x225.jpg\" data-src=\"https:\/\/coquetiers.com\/WPCoquetie\/wp-content\/uploads\/2021\/01\/carrefour_franklin_05-300x225.jpg\" data-caption=\"Boulangerie et vue de l&#039;all\u00e9e des Sciences.\"srcset=\"https:\/\/coquetiers.com\/WPCoquetie\/wp-content\/uploads\/2021\/01\/carrefour_franklin_05.jpg 600w, https:\/\/coquetiers.com\/WPCoquetie\/wp-content\/uploads\/2021\/01\/carrefour_franklin_05-300x225.jpg 300w\" sizes=\"(max-width: 300px) 100vw, 300px\"\" srcset=\"https:\/\/coquetiers.com\/WPCoquetie\/wp-content\/uploads\/2021\/01\/carrefour_franklin_05-300x225.jpg 300w, https:\/\/coquetiers.com\/WPCoquetie\/wp-content\/uploads\/2021\/01\/carrefour_franklin_05.jpg 600w\" \/>\n\t\t<div class=\"figc\">\n\t\t\t<div class=\"figc-inner\">\n\t\t\t\t\t\t\t\t\t<div class='jtg-title'>Boulangerie des Coquetiers, ann\u00e9es 2000<\/div>\n\t\t\t\t\t\t\t\t\t\t\t\t\t<p class=\"description\">Boulangerie et vue de l'all\u00e9e des Sciences.<\/p>\n\t\t\t\t\t\t\t\t\t\t\t<\/div>\n\t\t<\/div>\n\n\t<\/div>\n\n<\/div>\t\t\n\t<\/div>\n\n\t\n\t\n\t<script type=\"application\/ld+json\">\n\t{\n\t\t\"@context\": \"http:\/\/schema.org\",\n\t\t\"@type\"   : \"ImageGallery\",\n\t\t\"id\"      : \"https:\/\/coquetiers.com\/WPCoquetie\",\n\t\t\"url\"     : \"https:\/\/coquetiers.com\/WPCoquetie\"\n\t}\n\n    <\/script>\n\n\t\n<\/div>","protected":false},"excerpt":{"rendered":"<p>Juste \u00e0 gauche, derri\u00e8re le passage \u00e0 niveau des Coquetiers s&rsquo;est dress\u00e9 \u00e0 partir de 1910 une boulangerie. Autour de cette boulangerie, dans l&rsquo;all\u00e9e des Sciences, d&rsquo;autres petits commerces existaient et rendaient le quartier vivant. Aujourd&rsquo;hui seule la boulangerie subsiste \u00e0 l&rsquo;entr\u00e9e de l&rsquo;all\u00e9e des Sciences<\/p>\n","protected":false},"author":1,"featured_media":0,"parent":0,"menu_order":0,"comment_status":"open","ping_status":"closed","template":"","meta":{"footnotes":""},"_links":{"self":[{"href":"https:\/\/coquetiers.com\/WPCoquetie\/index.php?rest_route=\/wp\/v2\/pages\/231"}],"collection":[{"href":"https:\/\/coquetiers.com\/WPCoquetie\/index.php?rest_route=\/wp\/v2\/pages"}],"about":[{"href":"https:\/\/coquetiers.com\/WPCoquetie\/index.php?rest_route=\/wp\/v2\/types\/page"}],"author":[{"embeddable":true,"href":"https:\/\/coquetiers.com\/WPCoquetie\/index.php?rest_route=\/wp\/v2\/users\/1"}],"replies":[{"embeddable":true,"href":"https:\/\/coquetiers.com\/WPCoquetie\/index.php?rest_route=%2Fwp%2Fv2%2Fcomments&post=231"}],"version-history":[{"count":7,"href":"https:\/\/coquetiers.com\/WPCoquetie\/index.php?rest_route=\/wp\/v2\/pages\/231\/revisions"}],"predecessor-version":[{"id":535,"href":"https:\/\/coquetiers.com\/WPCoquetie\/index.php?rest_route=\/wp\/v2\/pages\/231\/revisions\/535"}],"wp:attachment":[{"href":"https:\/\/coquetiers.com\/WPCoquetie\/index.php?rest_route=%2Fwp%2Fv2%2Fmedia&parent=231"}],"curies":[{"name":"wp","href":"https:\/\/api.w.org\/{rel}","templated":true}]}}